hat are the prime factors of q?
2
Let w(k) = 5*k + 19. Let a be w(4). Let m = a - 36. Suppose m*d - 72 = 4*c, -c - 4*c + 43 = d. What are the prime factors of d?
2, 7
Let k(m) = m**3 - 24*m**2 - 6*m - 114. Let v be k(25). Let j = v + 629. What are the prime factors of j?
2, 3, 5, 11
Let a(b) be the first derivative of -b**3/3 - b**2 + 30. Let w be a(-2). Suppose -q - 4*s + 104 = 0, w*q - s = 2*q - 173. List the prime factors of q.
2, 3, 7
Let c = -5004 - -13430. What are the prime factors of c?
2, 11, 383
Suppose -g + 11*g - 1240 = 0. Let f = g + 134. What are the prime factors of f?
2, 3, 43
Let m(n) = -n**3 + 12*n**2 + 23*n - 24. Let o be m(13). Let k = 44 + o. List the prime factors of k.
2, 3, 5
Suppose 7*j = -100 - 96. Let q = 30 + j. List the prime factors of ((-48)/(-20))/((-96)/(-45) - q).
2, 3
Suppose -3*d = 4*o - 18944, -56*d + 55*d + 5*o = -6321. What are the prime factors of d?
2, 1579
Let l = -23729 - -39485. Suppose 0 = 6*z + 20*z - l. List the prime factors of z.
2, 3, 101
Suppose -f + 18 = 5*f. Let s(l) = -4*l + 15. Let m be s(f). Suppose k - d = -2*d + 121, -5*d - 387 = -m*k. List the prime factors of k.
2, 31
Let t(r) = -3*r**2 + 57*r**2 - 8 - 5*r**2 + 2 - 8*r. List the prime factors of t(-2).
2, 103
Suppose -2*z - 2*q + 10 = -20, 0 = 3*z + 4*q - 47. Suppose 0 = h - 51 - z. What are the prime factors of h?
2
Suppose 28*y = 34*y + 27*y - 838959. What are the prime factors of y?
25423
Suppose -4*y - 5*a + 55 = 0, -3*y + 2*y + 5*a - 5 = 0. Suppose -13*g + 27 = -y*g. List the prime factors of g.
3
Let g = 1259 + 4190. What are the prime factors of g?
5449
List the prime factors of (-215820)/(-27)*(0 - -3).
2, 5, 11, 109
What are the prime factors of 0/10 + 8/((-56)/(-49245))?
3, 5, 7, 67
Let k be 974 - (5/(-1) - 3/(-3)). Suppose -a = -k + 216. What are the prime factors of a?
2, 3, 127
Suppose 0 = 56*u - 57*u + 28. Let n = 709 - u. What are the prime factors of n?
3, 227
Let t = 168 - 91. Suppose t*v - 2070 = 74*v. Suppose 20 = -4*p, -2*p - 211 = 3*w - v. What are the prime factors of w?
163
Suppose 2*u - 186 = -r - 24, 2*u = -2*r + 160. Let d = -8425 + 8436. Let x = d + u. What are the prime factors of x?
3, 31
Let v(y) = -26*y**3 + y**2. Let f(h) = -2*h**3 + 2*h - 1. Let c be f(1). List the prime factors of v(c).
3
Suppose 4*w + 75 = -1477. Let d = 700 + w. What are the prime factors of d?
2, 3, 13
List the prime factors of (-2)/6*-1 - (1593712/(-24) + 2).
66403
Let h(r) = -18*r - 135 - r + 0*r + 6*r. What are the prime factors of h(-20)?
5
Suppose -f - 5 = -v, 0 = -3*v - 6*f + f + 23. Let z be -230*99/(-55)*8/v. Suppose 3*t - 12 = z. What are the prime factors of t?
2, 47
Let n(l) = l**2 + l - 1452. Let w be n(0). Let u = -742 - w. List the prime factors of u.
2, 5, 71
Let m(h) = -57*h**3 + 5*h**2 + 42. What are the prime factors of m(-4)?
2, 5, 13, 29
Suppose 4*u + 1427 - 379 = -4*n, -u + n = 256. Let v = 463 + u. What are the prime factors of v?
2, 3, 17
Suppose -2*l = -16*d - 79760, -71*l + 74*l - 119709 = d. What are the prime factors of l?
2, 29, 43
Let c = -156 + 161. Suppose c*r = 4*k + 10*r - 170, -k + r = -47. What are the prime factors of k?
3, 5
Let s(b) = 528*b - 165. List the prime factors of s(15).
3, 5, 11, 47
Let q(o) = o**3 + 18*o**2 - 41*o - 10. Let v be q(-20). Suppose -2 = 2*a, 0 = -v*u + 7*u + 5*a + 317. What are the prime factors of u?
2, 13
Let p = 5 - 6. Let r(f) = -218*f**3 + 6*f**2 + 7*f + 1. What are the prime factors of r(p)?
2, 109
Suppose 268*i = 272*i - 4*a - 32336, 0 = -5*i + 4*a + 40419. What are the prime factors of i?
59, 137
Suppose -411 = 6*j + 369. Let f = j + 117. Let k(t) = -16*t - 34. List the prime factors of k(f).
2, 3, 29
Let p(y) = -12*y**2 + 134*y - 20. Let s be p(11). Suppose s*c - 3*w = 273 + 622, -5*c + 2243 = -2*w. What are the prime factors of c?
449
Suppose -3*w = -83 - 805. Suppose w = 2*q + 3*b, 5*q - 576 = q - 2*b. List the prime factors of q.
2, 71
Suppose 61 = -11*g + 28. List the prime factors of -288*(-1)/(-6)*g*1.
2, 3
Let b = 34312 + -18212. What are the prime factors of b?
2, 5, 7, 23
Suppose -3*o - 12 = 0, 5*z = -0*o - 4*o - 241. Let f be (-256)/(-12)*z/12. Let l = f + 118. List the prime factors of l.
2, 19
Suppose 157979 = 128*u + 49563. List the prime factors of u.
7, 11
Suppose -o + 1578 = 4*f, 4*o = 3*f - 53 - 1140. Suppose 5*q + 456 = 3*u, -u - 6525*q = -6524*q - 136. Let v = f - u. List the prime factors of v.
11, 23
Suppose -3*p - 2*u = -7*u - 1441, -u - 1457 = -3*p. Suppose -9*c + 1664 = -p. What are the prime factors of c?
239
Let z(g) = -33 + 5*g**2 + 9*g - 28*g - 2*g**2. List the prime factors of z(15).
3, 7, 17
Let n(i) = i**3 + 9*i + 11. Let x be n(0). Suppose j - 872 = 3*t, -9*t = -5*j - x*t + 4377. List the prime factors of j.
5, 7
Let g be (2438/115)/(2/250). Let o = g + -1417. List the prime factors of o.
3, 137
Suppose 4*i - 3*v = 93366, 5*i = -29*v + 34*v + 116700. What are the prime factors of i?
2, 3, 1297
Let z(l) = 69*l**2 - 48*l + 686. What are the prime factors of z(17)?
11, 1801
Suppose -3*i = -4*i + 12. Suppose -14*k + 19058 = i*k. What are the prime factors of k?
733
Let p = 81 + -77. Let j(y) = y**2 - 8*y + 7. Let i be j(p). What are the prime factors of -6*(25/5 + i)?
2, 3
Let a(d) be the first derivative of 8*d**3/3 - d**2 + 3*d + 16. Let i be a(5). Suppose 3*c = i - 10. What are the prime factors of c?
61
Suppose -5*x - 11836 + 2836 = -t, 2*t + x = 17989. What are the prime factors of t?
5, 7, 257
Let x(o) = 53*o**3 + 6*o**2 - 26*o + 63. What are the prime factors of x(4)?
3, 383
Let a(n) = -6*n**2 + 487*n + 3. List the prime factors of a(41).
2, 7, 353
Let d = 16 - 14. What are the prime factors of (-15642)/(-45) - (d/(-5) - 0)?
2, 3, 29
Let r be ((-3)/2)/(410/(-204) + 2). Suppose 2*a + 3*y - r = -37, 3*y = 4*a - 196. Let s = 89 - a. What are the prime factors of s?
37
Let t(u) = 1768*u + 396. Let f(l) = 272*l + 61. Let y(x) = -32*f(x) + 5*t(x). List the prime factors of y(6).
2, 211
Suppose 5866*v - 5868*v = -38468. List the prime factors of v.
2, 59, 163
Let s = -403 + 721. Let r(j) = j**3 + 15*j**2 + 14*j - 3. Let c be r(-15). Let v = s + c. What are the prime factors of v?
3, 5, 7
Let w = 53 + -42. Let h(j) = -5 + w + 24 + 25*j - 6*j. List the prime factors of h(7).
163
Let z(k) be the third derivative of k**6/15 - k**5/12 - k**4/24 + k**3/6 - 241*k**2 + k. Let q be (-6 - -5)/((-1)/3). What are the prime factors of z(q)?
13
Let p(n) = -2*n**2 - 6*n - 7. Let u be p(4). Let t = u + 400. What are the prime factors of t?
337
Let c = 217 + -213. Suppose 0 = 3*i - 12, 10*z + c*i - 2316 = 5*z. What are the prime factors of z?
2, 5, 23
List the prime factors of 6/51 - (-92761403)/4607.
5, 4027
Let z(w) = 242*w**2 + 105*w + 624. What are the prime factors of z(-6)?
2, 3, 1451
Let h = 216 - 203. Suppose 0 = h*y - 11*y - 98. List the prime factors of y.
7
Let x(n) be the first derivative of 2*n**3 + 2*n**2 + 32*n + 49. List the prime factors of x(-7).
2, 149
Let g(h) be the first derivative of -8*h**3/3 + 21*h**2 + 2*h + 87. List the prime factors of g(3).
2, 7
What are the prime factors of 2722 + (13 - 14 - -8)?
2729
Suppose -357788 = -149*j + 786021 - 114368. List the prime factors of j.
3, 7, 47
Let v = -5488 + 16372. List the prime factors of v.
2, 3, 907
Let r(l) = 33*l - 107. Let p be r(3). What are the prime factors of (-92)/p*(-11 - -29)?
3, 23
Suppose -2*p = 85 + 253. Let h = p - -172. List the prime factors of h.
3
Let k be 230/(-46) + (21 - 1). Suppose -3*d + 5*h = -3742, -10*d + k*d - 4*h = 6241. List the prime factors of d.
1249
Suppose -3*w - g + 340 = 0, 4*g + 432 = -15*w + 19*w. Let b = 55 - -3. Suppose 0 = z - b - w. List the prime factors of z.
2, 5, 17
Let g(z) be the second derivative of z**4/3 + z**3/3 + 168*z**2 + 3*z + 1. List the prime factors of g(0).
2, 3, 7
Let y(b) = -481*b - 4879. List the prime factors of y(-32).
10513
Let t(u) = -u**3 + 79*u**2 - 78*u - 485. List the prime factors of t(77).
3, 1789
Let u = -4781 + 9424. What are the prime factors of u?
4643
Suppose -2*y + 3972 = y - 3*s, 3976 = 3*y - 5*s. Suppose -21*j + 19*j = 2*r - y, -r + 669 = 5*j. List the prime factors of r.
659
Suppose 288 = -2*z + 6*z. Let f be (10/(-4))/((-2)/z). Let y = f + -46. List the prime factors of y.
2, 11
Let v be ((-4